(-6).
-53
Let g(a) = 2*a + 4. Let h be g(6). Suppose 146*i - 142*i + h = 0. Let b(p) = -p**2 + 2*p + 2. Calculate b(i).
-22
Let g(f) = -f + 14. Let h(x) = -12*x. Let m be h(-6). Suppose m = 7*y - 12. Calculate g(y).
2
Let y(s) = 2*s**2 - 4. Let b(c) = -10*c**2 - 7*c + 19. Let i(f) = b(f) + 6*y(f). Calculate i(5).
10
Let b(r) = 2*r - 5. Let l(y) = 4. Let q(o) = 2*o - 7. Let g(n) = l(n) + q(n). Let h(z) = -6*b(z) + 5*g(z). Determine h(10).
-5
Let x(h) = -h**3 - 16*h**2 - 66*h - 15. Suppose -5*q - 40 = -5*j, -18*q + 14*q - j = 32. Calculate x(q).
1
Let o(z) = -131522*z + 153 + 131568*z + 37. What is o(-4)?
6
Let q(o) be the first derivative of -4*o**2 - 2*o + 2111. Calculate q(4).
-34
Let w be 7/28 + (-115)/(-20). Let i(c) be the second derivative of -c**5/20 + c**4/2 + c**3/6 - 5*c**2 - 2*c + 1. Determine i(w).
-4
Let l(r) = 7*r**2 - 13*r + 5. Let x(v) be the first derivative of -4*v**3 + 12*v**2 - 10*v + 209. Let y(u) = -5*l(u) - 3*x(u). Determine y(5).
-5
Suppose 120 = 53*g - 33*g. Let m(r) = 15*r**2 - 5*r - 3. Let z(l) = 7*l**2 - 3*l - 1. Let k(q) = -6*m(q) + 13*z(q). Give k(g).
-13
Let s = -304 + 294. Let g be -1 + (-70)/(-18) + s/(-90). Let q(d) = -d**2 - 2*d - 1. Calculate q(g).
-16
Let i(d) = -3*d + 2. Let c be 8/(-52) - 93/(-13). Let z = c - 9. Give i(z).
8
Let v(q) = 2 + 5*q + 16 - 4 - 3. Let a(c) = 3*c + 10. Let f(z) = 3*a(z) - 2*v(z). Let i(d) = d**3 - 7*d**2 + 6*d. Let w be i(6). What is f(w)?
8
Let z(d) = -3*d + 110. Let f be z(23). Let c(n) = -2*n**2 + 80*n + 76. What is c(f)?
-6
Let v be (-2 - 35/(-10))*8/(-6). Let y(k) = 2*k - 1. Let u(z) = 5*z - 3. Let f(p) = v*y(p) + u(p). Give f(3).
2
Let s(g) = 4*g - 26. Suppose 0 = 94*x - 293 + 763. Calculate s(x).
-46
Let n = 16321 + -16293. Let x(j) = 2*j - 52. What is x(n)?
4
Let h(z) = -2*z**2 + 9*z + 20. Let v(g) = 3*g**2 - 19*g - 40. Let f(r) = -5*h(r) - 3*v(r). Let t be f(-9). Let u(w) = w**2 - w - 5. Determine u(t).
51
Let j(s) = -s - 2. Let p be j(2). Let v(f) = -3*f**2 - 7*f - 12. Let w(o) = -o**2 - 5*o + 3 + 4 - 7 + 3*o - 4. Let k(q) = p*v(q) + 11*w(q). Calculate k(-6).
4
Let m be 4/2*(0 + 3 + -1). Let q(p) = 0*p + m - 9 + 2*p. Determine q(-5).
-15
Let k = 437 - 435. Let s(z) be the second derivative of 1/20*z**5 + 0*z**k + 1/2*z**3 + 0 - 1/6*z**4 - 14*z. What is s(2)?
6
Let k(h) = -2*h - 14. Let b be k(-17). Let t be 12/20 - 32/b. Let p(m) = 21*m - 1. What is p(t)?
-22
Let i(b) be the first derivative of b**4/4 + 14*b**3/3 - 4*b**2 + 103*b + 3487. Give i(-15).
-2
Let l(k) = 148*k**2 - 210*k**2 + 151*k**2 + 13 - 87*k**2. Determine l(7).
111
Let n be ((-28)/(-98) - (-24)/14)*1. Suppose 0 = 3*c - 5*p + 35, n*c + 2*c = 3*p - 32. Let k(i) = -i - 9. What is k(c)?
-4
Suppose -252*o = 224*o - 7*o + 4221. Let i(x) = -7*x + 3. Let p(g) = -g + 1. Let w(z) = i(z) - 6*p(z). Determine w(o).
6
Let a(z) = -3*z**2 - 10*z - 70. Let w(c) = -5*c**2 - 18*c - 141. Let f(u) = 7*a(u) - 4*w(u). Give f(0).
74
Let b(o) = -39 + o - 1224*o**3 + 1217*o**3 - 48 + 87. Determine b(1).
-6
Let m(b) = 12 - 2042*b + 6123*b - 2042*b - 2035*b. Determine m(4).
28
Let w(i) = -i**2 + 22*i - 88. Let h be w(15). Let f(r) = -4 + h*r - 29*r + 11*r + 10. Give f(-13).
19
Let d(i) be the third derivative of i**7/2520 + 7*i**6/720 - i**5/40 - 17*i**4/6 + 3*i**2 - 3. Let f(j) be the second derivative of d(j). What is f(-6)?
-9
Suppose 0 = -5*l + 2*x + 58, -3*l + 14 = 487*x - 483*x. Let c(s) = s**3 - 9*s**2 - 13*s + 13. Give c(l).
-17
Let g = 77 - 83. Let t(c) = 11*c - 19. Let f(h) = 1. Let b(j) = 3*f(j) + t(j). Let x(s) = -5*s + 8. Let i(z) = g*b(z) - 13*x(z). Give i(-7).
-1
Let k(p) = -27*p + 44. Let i(o) be the first derivative of 6*o**2 - 22*o - 105. Let g(x) = -7*i(x) - 3*k(x). Give g(7).
1
Let o be (3 + -7)*(6/(-40) - 30/300). Let r(f) = 30*f - 21. What is r(o)?
9
Let i(s) = s**2 + 7*s - 10. Let u(d) = -d**3 - 8*d**2 + 5*d - 1. Let v(z) = -z**2 + z + 1. Let t(k) = u(k) - 6*v(k). Let y be t(0). What is i(y)?
-10
Let b(p) = p**2 - 16. Suppose 25*f = 18*f. Suppose f = -0*a + 3*a. Give b(a).
-16
Let r(b) = 2*b - 26. Suppose -30*q - 3584 = -14*q. Let t be 70/4*(q/(-35))/8. Calculate r(t).
2
Let m be ((-15)/6)/((-20)/16). Let k(w) = -3*w**2 - 2*w**m + 4*w**2 + 0 - 2 - 3*w. Let f be 14/(-2) + (-1 - -4). Determine k(f).
-6
Let w(p) = -p**2 + 12*p - 19. Let n be 306/45*(-20)/(-8). Suppose n*r - 106 = 64. Give w(r).
1
Suppose 0*v - 2*v - 8 = 0. Let n be (0/(-1))/(4 + -5 + 5). Let j(y) = -19 + n*y**2 - 17 + 7*y + y**2 + 40. What is j(v)?
-8
Let b = -22126 + 22100. Let s(f) = f**2 + 23*f - 69. Give s(b).
9
Let b(r) be the first derivative of -r**5/60 + r**4/8 - r**3/2 + r**2/2 + 30*r + 26. Let y(n) be the second derivative of b(n). Calculate y(6).
-21
Let d(y) = -24*y + 274. Let u be -66*((-682)/(-132))/(-31). Give d(u).
10
Let v(l) be the first derivative of l**5/120 + l**4/6 - 35*l**3/3 - 175. Let o(f) be the third derivative of v(f). Determine o(3).
7
Let g be (-19 - (-400)/25)*(-16)/(-6). Let m(z) = -5*z - 13. Give m(g).
27
Let t be (-34)/(2/(-1))*-1. Let q(o) = 8*o**2 - 10*o - 7. Let i(n) = 23*n**2 - 133 + 4 + 109 - 29*n. Let d(g) = t*q(g) + 6*i(g). Determine d(3).
5
Let m(j) be the second derivative of -j**4/12 + 4*j**3/3 - 5*j**2/2 - j. Let q = -729 - -738. What is m(q)?
-14
Let t(l) = 2*l**2 - 3*l + 3. Let f(x) = 4 + 3 - 12 - 30 + 15*x - 6. Let s be f(3). Determine t(s).
23
Let x = 15 + -10. Suppose x*c + 15 = 5, 0 = -o - 5*c - 8. Let j(s) = -22*s**2 + 36*s**o - s - 20*s**2. Calculate j(-1).
-5
Suppose -2*c - 2 + 6 = 0. Suppose 7*v + c*v - 27 = 0. Let l(k) = -2*k**2 + 4 + 6*k**2 - v*k**2 - 8*k. Determine l(7).
-3
Let u(a) be the second derivative of 67*a**3/6 - 3*a**2/2 + 3180*a. Give u(-1).
-70
Suppose 14*v = 8*v + 84. Let j = 16 - v. Let s(p) be the second derivative of p**4/4 - p**3/3 - p**2 + 5*p. What is s(j)?
6
Let m(u) = -35*u - 133 - 169 + 2*u**2 - 137 + 516 + 2*u**2. Calculate m(4).
1
Let h(l) = -3*l - 818*l**2 + 2461*l**2 + 2 - 819*l**2 - 823*l**2. Determine h(-3).
20
Let i = 3 + -1. Let t(b) = -1960 - 1917 - 2*b + 3877. Determine t(i).
-4
Let v(c) = 5*c + 670. Let x(w) = w + 91. Let g(o) = -2*v(o) + 15*x(o). Give g(-20).
-75
Suppose 0 = 12*h - 2362 - 878. Let l = 272 - h. Let a(d) = 3*d - 8. Calculate a(l).
-2
Let k(r) = -6*r**2 - 3*r - 4. Let d be 1 + 6/3 + 485/(-97). Calculate k(d).
-22
Suppose 0 = 5*f - 22*d + 20*d - 18, 2*f - 5*d - 24 = 0. Let n(t) = -1 - t + t + t - t**f. Determine n(0).
-1
Suppose -11*y + 10*y = 2*m + 8, -2*m + 4 = -y. Let z(k) = 14 + 0*k**2 + k**2 + 0*k**2 - 2*k**2 - 3*k. Determine z(y).
-4
Let d(h) be the third derivative of h**6/360 + 3*h**5/40 - 5*h**4/12 + h**3/6 - 4*h**2 + 18*h. Let z(g) be the first derivative of d(g). Calculate z(-9).
-10
Let c(i) = i**3 + 28*i**2 - 32*i - 88. Let w be c(-29). Let p(l) = -12*l - 4. Let v be p(w). Let t(k) = k**2 - 9*k + 3. What is t(v)?
-5
Let k be 24/(-20)*25/(-10). Let t(q) = 12*q**3 + 0*q**2 + 1 + q**2 + q - 23*q**k. Suppose -19 = -i - 4*b, 15 = -4*i + 3*b - 4. Give t(i).
12
Let k(q) = 6*q + 12. Let w = 19004 + -18996. Determine k(w).
60
Let b(z) = -6*z**2 + z**2 + 2*z + 0*z**2 - 3*z**2 + 1. Suppose 50 = 5*a - 4*j, -2*a + 5 = -2*j - 17. Suppose -191*s - a = -185*s. Determine b(s).
-9
Suppose 2*k - 29*y + 34*y = 81, 5*k - 193 = -3*y. Let p(c) = c**2 - 38*c + 6. Give p(k).
6
Let h = -17950 - -17969. Let q(a) = -a**3 + 18*a**2 + 15*a + 38. Calculate q(h).
-38
Suppose 298*m - 294*m - 4 = 2*o, -3*m = -5*o + 4. Let h(x) be the third derivative of 1/60*x**5 + 0*x + 0 - 3*x**m - 1/2*x**3 - 7/24*x**4. Give h(6).
-9
Let i(h) = 11*h. Let z(p) be the first derivative of p**3/3 + 25*p**2/2 + 48*p - 161. Let s be z(-2). What is i(s)?
22
Let b = 2460 - 2461. Let z(j) = -32*j**3 + j**2 + j. Determine z(b).
32
Let p(j) be the first derivative of 24 - 2*j**2 - 1/3*j**3 + 0*j. Suppose 3*m - 3*u = -15, -11 = 3*m + u + 4. Give p(m).
-5
Let s(x) = x**3 + 3*x**2 + x - 1. Let g be (24/18)/(12/45)*(-14)/35. Determine s(g).
1
Let b(u) = -u - 8. Let n(d) = d**2 + 8*d - 84. Let m be n(11). Let t = -137 + m. Calculate b(t).
4
Suppose 42*m - 35 = 37*m. Let i(n) be the third derivative of -n**6/120 + 3*n**5/20 - 5*n**4/8 + n**3/2 - 20*n**2. Calculate i(m).
-4
Let y be (-26 - -6)*(-6)/(-10). Let u(n) = n**3 + 11*n**2 - 14*n - 18. Give u(y).
6
Let k(n) = -n**2 - 19*n - 19. Let m